97
What are the prime factors of 1824737986?
2, 89, 10251337
List the prime factors of 1990774259.
1990774259
What are the prime factors of 2082246271?
7, 19, 139, 163, 691
List the prime factors of 5033438285.
5, 17, 149, 397429
What are the prime factors of 31073235?
3, 5, 59, 35111
What are the prime factors of 531712338?
2, 3, 88618723
What are the prime factors of 653773083?
3, 217924361
What are the prime factors of 102166721?
8933, 11437
List the prime factors of 945314741.
7, 73, 157, 11783
List the prime factors of 70866453.
3, 7, 439, 7687
List the prime factors of 502898435.
5, 13, 2411, 3209
List the prime factors of 4609546092.
2, 3, 883, 145009
List the prime factors of 126493220.
2, 5, 7, 79, 11437
List the prime factors of 6104977447.
149, 521, 78643
What are the prime factors of 18610941?
3, 541, 11467
What are the prime factors of 44802032?
2, 11, 254557
What are the prime factors of 1122518874?
2, 3, 17, 947, 11621
What are the prime factors of 95507407?
2287, 41761
List the prime factors of 4191894686.
2, 7, 299421049
What are the prime factors of 4650032003?
4650032003
What are the prime factors of 117959238?
2, 3, 53, 61, 2027
What are the prime factors of 417806476?
2, 673, 155203
List the prime factors of 80203767.
3, 7, 3819227
What are the prime factors of 41150335?
5, 23, 357829
List the prime factors of 120768196.
2, 30192049
What are the prime factors of 4333565792?
2, 23, 97, 101, 601
What are the prime factors of 61456162?
2, 29, 109, 9721
What are the prime factors of 155595758?
2, 31, 43, 58363
What are the prime factors of 57442234?
2, 1171, 24527
What are the prime factors of 20224174?
2, 263, 38449
What are the prime factors of 51072318?
2, 3, 11, 17, 15173
What are the prime factors of 1063888825?
5, 199, 213847
What are the prime factors of 319927728?
2, 3, 97, 68713
What are the prime factors of 402846137?
402846137
What are the prime factors of 45819710?
2, 5, 29, 157999
List the prime factors of 28943895.
3, 5, 757, 2549
List the prime factors of 315770612.
2, 78942653
What are the prime factors of 964237852?
2, 239, 1008617
List the prime factors of 198579200.
2, 5, 7757
What are the prime factors of 1756596704?
2, 541, 101467
List the prime factors of 383182984.
2, 47897873
What are the prime factors of 674652882?
2, 3, 23, 67, 131, 557
What are the prime factors of 40163987?
353, 113779
What are the prime factors of 2756730737?
431, 619, 10333
What are the prime factors of 1274832381?
3, 424944127
What are the prime factors of 1127587146?
2, 3, 7, 26847313
List the prime factors of 8552966442.
2, 3, 79, 18044233
What are the prime factors of 1905248196?
2, 3, 17641187
List the prime factors of 182996263.
983, 186161
List the prime factors of 287700410.
2, 5, 83, 346627
List the prime factors of 3378922595.
5, 675784519
What are the prime factors of 54638086?
2, 27319043
What are the prime factors of 32111958?
2, 3, 53, 100981
What are the prime factors of 1899284245?
5, 379856849
What are the prime factors of 768517902?
2, 3, 2531, 5623
List the prime factors of 249167803.
249167803
What are the prime factors of 7139411?
83, 86017
What are the prime factors of 862455576?
2, 3, 61, 589109
List the prime factors of 2347240695.
3, 5, 156482713
List the prime factors of 122390528.
2, 13, 4597
List the prime factors of 56369055.
3, 5, 41, 151, 607
List the prime factors of 216963674.
2, 29, 1471, 2543
List the prime factors of 3707698679.
25247, 146857
What are the prime factors of 3164312076?
2, 3, 37, 192617
What are the prime factors of 4082595442?
2, 2777, 735073
What are the prime factors of 20289973?
11, 277, 6659
List the prime factors of 32157583.
547, 58789
What are the prime factors of 91719546?
2, 3, 2659, 5749
What are the prime factors of 2299093161?
3, 37, 20712551
What are the prime factors of 57861354?
2, 3, 9643559
What are the prime factors of 17587187?
17587187
What are the prime factors of 5770937389?
7, 29, 223, 127481
What are the prime factors of 9249151?
23, 402137
What are the prime factors of 13054547?
11, 23, 51599
What are the prime factors of 83263524?
2, 3, 29, 239263
List the prime factors of 86812644.
2, 3, 7234387
List the prime factors of 1320828388.
2, 11, 30018827
List the prime factors of 357474111.
3, 83, 109, 13171
List the prime factors of 31434211.
47, 668813
What are the prime factors of 2053678989?
3, 684559663
List the prime factors of 131370195.
3, 5, 11, 101, 7883
What are the prime factors of 876800991?
3, 11, 26569727
List the prime factors of 628566411.
3, 11, 19047467
What are the prime factors of 68046011?
11, 19, 53, 6143
List the prime factors of 3057972974.
2, 7, 19, 103, 239, 467
What are the prime factors of 1769295393?
3, 173, 14029
What are the prime factors of 48174649?
3761, 12809
What are the prime factors of 2190795485?
5, 223, 389, 5051
What are the prime factors of 457135868?
2, 7, 16326281
List the prime factors of 189973205.
5, 557, 68213
List the prime factors of 72034214.
2, 7, 735043
List the prime factors of 5004081294.
2, 3, 7027, 118687
What are the prime factors of 120153778?
2, 317, 189517
What are the prime factors of 1494216927?
3, 7, 101, 33547
What are the prime factors of 12405502?
2, 6202751
What are the prime factors of 117601592?
2, 2393, 6143
List the prime factors of 449834776.
2, 29, 229, 8467
List the prime factors of 742012470.
2, 3, 5, 8244583
List the prime factors of 848767780.
2, 5, 7, 6062627
List the prime factors of 65407275.
3, 5, 149, 1951
List the prime factors of 81641231.
7, 191, 227, 269
List the prime factors of 4081131279.
3, 453459031
List the prime factors of 611499383.
11, 277, 200689
What are the prime factors of 124181915?
5, 11, 13, 29, 53, 113
What are the prime factors of 253242018?
2, 3, 4689667
What are the prime factors of 197211948?
2, 3, 29, 566701
List the prime factors of 1856701506.
2, 3, 11, 28131841
List the prime factors of 667543341.
3, 2399, 92753
List the prime factors of 1309391301.
3, 71, 6147377
What are the prime factors of 150742061?
1097, 137413
List the prime factors of 337061901.
3, 11, 631, 16187
List the prime factors of 243406211.
59, 349, 11821
What are the prime factors of 2555510366?
2, 307, 4162069
List the prime factors of 86499730.
2, 5, 8649973
What are the prime factors of 97748434?
2, 7, 997433
What are the prime factors of 948740623?
19, 89, 561053
List the prime factors of 5043160811.
13, 233, 1664959
List the prime factors of 279633069.
3, 109, 285049
What are the prime factors of 144688304?
2, 53, 97, 1759
List the prime factors of 387640171.
17, 263, 277, 313
What are the prime factors of 49070411?
13, 1877, 2011
List the prime factors of 958225513.
7, 5419, 25261
What are the prime factors of 721099768?
2, 53, 787, 2161
What are the prime factors of 9762679?
9762679
What are the prime factors of 149858411?
149858411
What are the prime factors of 230463065?
5, 7, 19, 346561
What are the prime factors of 77656186?
2, 4793, 8101
What are the prime factors of 806769029?
11, 73342639
What are the prime factors of 746579454?
2, 3, 521, 238829
What are the prime factors of 28292388?
2, 3, 59, 89, 449
What are the prime factors of 219095945?
5, 43819189
List the prime factors of 345268748.
2, 11, 151, 157, 331
What are the prime factors of 36718708?
2, 13, 17, 73, 569
List the prime factors of 15419292.
2, 3, 7, 23, 347
List the prime factors of 48231598.
2, 23, 31, 149, 227
List the prime factors of 49493482.
2, 653, 37897
List the prime factors of 49708862.
2, 7, 3550633
What are the prime factors of 74952307?
223, 336109
List the prime factors of 290528038.
2, 43, 509, 6637
List the prime factors of 89178870.
2, 3, 5, 11, 270239
What are the prime factors of 347601574?
2, 31, 5606477
List the prime factors of 78812381.
587, 134263
List the prime factors of 71676917.
13, 59, 113, 827
What are the prime factors of 91722501?
3, 13, 783953
What are the prime factors of 2465724085?
5, 11, 23, 89, 181
List the prime factors of 72698143.
7, 47, 149, 1483
List the prime factors of 95591144.
2, 11, 1086263
What are the prime factors of 20058995?
5, 11, 37, 9857
What are the prime factors of 118854223?
118854223
List the prime factors of 44058306.
2, 3, 7343051
What a